se 3?
11000
Convert 267c (base 15) to base 3.
102021100
1101001011 (base 2) to base 9
1136
Convert -30823 (base 12) to base 3.
-10012221200
Convert 23af (base 16) to base 6.
110143
3515 (base 6) to base 8
1507
Convert -1044 (base 6) to base 3.
-100001
1442 (base 6) to base 16
182
Convert -12666 (base 14) to base 6.
-545042
What is 11020201 (base 3) in base 16?
c19
Convert -2021112102 (base 3) to base 13.
-17558
27006 (base 9) to base 6
220223
-79a (base 12) to base 13
-688
Convert -10200 (base 3) to base 9.
-120
Convert 973 (base 14) to base 12.
10b5
-46000 (base 7) to base 16
-2d8e
14615 (base 10) to base 6
151355
What is 204 (base 13) in base 2?
101010110
What is -510 (base 7) in base 9?
-310
Convert -a89 (base 16) to base 3.
-10200220
What is 1a4c3 (base 14) in base 5?
4114221
Convert -12557 (base 11) to base 8.
-43062
What is 39a (base 13) in base 6?
2534
Convert 1266 (base 7) to base 2.
111101001
-8b1 (base 14) to base 5
-23343
79ef (base 16) to base 3
1120211010
Convert 282 (base 13) to base 12.
310
What is -152 (base 13) in base 9?
-282
-36218 (base 9) to base 10
-24236
Convert -143dd (base 15) to base 14.
-19996
What is -43220 (base 5) in base 13?
-144a
What is 672 (base 11) in base 3?
1002211
Convert 64580 (base 9) to base 10.
42759
Convert 72b (base 16) to base 10.
1835
220200 (base 6) to base 3
220222200
Convert -2800 (base 12) to base 14.
-1972
What is -b676 (base 12) in base 14?
-73bc
-e57 (base 15) to base 14
-126c
What is -1221121010 (base 3) in base 7?
-216534
Convert -34324 (base 5) to base 7.
-10120
1202021 (base 3) to base 16
4fc
Convert 46352 (base 7) to base 8.
27106
Convert 503 (base 10) to base 13.
2c9
-2141 (base 9) to base 14
-808
399 (base 12) to base 11
45a
Convert -327b (base 12) to base 8.
-12677
Convert 2ec (base 15) to base 16.
2a0
What is -567 (base 13) in base 2?
-1110100010
What is 94 (base 12) in base 6?
304
-16409 (base 10) to base 5
-1011114
Convert 11057 (base 8) to base 11.
3552
-1866 (base 9) to base 4
-112131
Convert 328 (base 13) to base 2.
1000011101
Convert -186 (base 13) to base 8.
-427
Convert 1359 (base 11) to base 3.
2102010
What is -103210 (base 4) in base 9?
-1641
Convert -7326 (base 10) to base 16.
-1c9e
-2c85 (base 15) to base 14
-36bd
Convert -674 (base 9) to base 4.
-20221
What is 3b8 (base 14) in base 13?
459
909 (base 16) to base 11
1813
-143661 (base 8) to base 5
-3113441
Convert 5b3 (base 12) to base 7.
2331
Convert -a1 (base 13) to base 10.
-131
What is -1036 (base 11) in base 10?
-1370
What is -38 (base 12) in base 9?
-48
Convert -6057 (base 9) to base 7.
-15622
Convert 2b0 (base 15) to base 3.
211210
Convert 1120 (base 9) to base 4.
30330
414 (base 8) to base 6
1124
What is 5310 (base 9) in base 8?
7471
3005 (base 7) to base 2
10000001010
-111011101001001 (base 2) to base 4
-13131021
Convert 2110020 (base 3) to base 2.
11011111100
Convert d85 (base 16) to base 14.
1393
-590c (base 16) to base 3
-1011021022
-284 (base 9) to base 16
-ee
Convert 11213 (base 4) to base 14.
1b9
2223220 (base 4) to base 3
120001211
What is 23879 (base 10) in base 13?
ab3b
What is -4704 (base 15) in base 16?
-3ae7
What is -16016 (base 7) in base 2?
-1000101111000
10036 (base 11) to base 12
85b4
1040 (base 10) to base 4
100100
Convert 20013 (base 4) to base 13.
30c
What is -130030 (base 4) in base 10?
-1804
Convert -10492 (base 13) to base 14.
-a9ac
2013 (base 5) to base 13
16b
What is 1000011111101100 (base 2) in base 12?
18178
-1001112010 (base 3) to base 8
-50471
393 (base 15) to base 5
11223
2120021 (base 3) to base 2
11101001110
What is -1b4a (base 15) in base 2?
-1011100100000
Convert -1540 (base 6) to base 14.
-220
What is 10011110110110 (base 2) in base 4?
2132312
Convert -1030 (base 7) to base 16.
-16c
-27e0 (base 16) to base 5
-311313
Convert -175a (base 13) to base 11.
-2661
-2151 (base 7) to base 3
-1001120
What is -654 (base 9) in base 16?
-217
-2145 (base 9) to base 12
-ab8
What is -2002010210 (base 3) in base 4?
-21333132
What is 27ab (base 12) in base 11?
34a8
What is 2202122 (base 3) in base 13?
bc0
What is 200430 (base 5) in base 6?
45245
7893 (base 10) to base 8
17325
29382 (base 10) to base 13
104b2
What is 638 (base 12) in base 15?
408
What is -5ae (base 15) in base 12?
-8b5
What is -587a (base 15) in base 8?
-44546
Convert 110012 (base 3) to base 15.
16e
844 (base 16) to base 8
4104
What is 71b0 (base 12) in base 7?
51033
1667 (base 8) to base 6
4223
Convert 140333 (base 5) to base 4.
1121112
Convert 111100100111 (base 2) to base 10.
3879
-a43 (base 12) to base 7
-4230
-882 (base 16) to base 15
-9a3
1333001 (base 4) to base 9
12132
Convert 8744 (base 13) to base 7.
105566
Convert -333343 (base 5) to base 2.
-10110111001011
Convert -10042302 (base 5) to base 15.
-18ebc
Convert -3137 (base 8) to base 13.
-986
Convert -3d29 (base 14) to base 3.
-112211122
36c (base 16) to base 7
2361
What is 3250 (base 6) in base 14?
3b8
Convert 50105 (base 6) to base 3.
22221112
What is -29b (base 14) in base 8?
-1021
Convert -23157 (base 8) to base 14.
-382b
Convert 20135 (base 8) to base 5.
231120
Convert bdd9 (base 15) to base 5.
2242004
What is -32003 (base 4) in base 13?
-542
Convert 123430 (base 7) to base 10.
22855
Convert a5 (base 16) to base 7.
324
What is 110100011011 (base 2) in base 9?
4537
-172 (base 12) to base 8
-346
Convert -13132 (base 5) to base 2.
-10000010010
4a2e (base 15) to base 16
3db2
-1102202120 (base 3) to base 13
-cb28
What is -50299 (base 10) in base 2?
-1100010001111011
13626 (base 10) to base 8
32472
What is 7 (base 13) in base 6?
11
What is -2424301 (base 5) in base 9?
-68460
Convert -10431 (base 5) to base 8.
-1345
What is 23031302 (base 4) in base 2?
1011001101110010
What is 11011101001 (base 2) in base 3?
2102112
Convert -15145 (base 8) to base 10.
-6757
Convert -355 (base 7) to base 5.
-1222
3102 (base 4) to base 14
110
What is 3207 (base 11) in base 8?
10222
What is 191 (base 16) in base 7?
1112
What is -1207 (base 13) in base 15?
-b47
Convert 7963 (base 11) to base 10.
10475
What is 5162 (base 7) in base 14?
932
Convert -138b (base 14) to base 5.
-102310
-764 (base 9) to base 14
-329
What is -4650 (base 14) in base 6?
-132330
-22211 (base 4) to base 12
-485
-45136 (base 7) to base 15
-359a
What is 790 (base 14) in base 16?
5da
What is -170366 (base 8) in base 9?
-103550
What is b4b7 (base 12) in base 4?
10310023
What is 425 (base 8) in base 15?
137
What is 958 (base 12) in base 9?
1775
Convert -10885 (base 13) to base 9.
-45157
Convert 172 (base 8) to base 15.
82
What is 10001101100100 (base 2) in base 16?
2364
20333333 (base 4) to base 5
2134423
1001122 (base 3) to base 14
3d3
24264 (base 9) to base 7
65254
Convert -9a09 (base 12) to base 2.
-100001001101001
Convert 202001 (base 5) to base 15.
1dd6
706 (base 12) to base 3
1101120
Convert 40021 (base 5) to base 7.
10215
Convert 215c (base 16) to base 3.
102201022
82 (base 10) to base 15
57
What is -5404 (base 14) in base 16?
-38ac
Convert -b65 (base 12) to base 16.
-67d
-3194 (base 12) to base 8
-12500
Convert -1201022 (base 3) to base 14.
-654
Convert 5a4 (base 13) to base 6.
4311
Convert -2300 (base 4) to base 12.
-128
Convert 480 (base 13) to base 9.
1056
Convert -3c3 (base 14) to base 15.
-359
Convert -a57a (base 12) to base 14.
-6846
-1221100100 (base 3) to base 11
-26741
Convert -11835 (base 12) to base 14.
-889b
What is -1123 (base 13) in base 16?
-95b
What is 232331 (base 5) in base 10?
8466
23d2 (base 14) to base 7
24152
Convert -133204 (base 5) to base 16.
-1535
-211042 (base 5) to base 4
-1231232
Convert 27246 (base 8) to base 14.
44d0
Convert 1132122 (base 4) to base 11.
45a3
Convert -5724 (base 10) to base 9.
-7760
What is -131013 (base 4) in base 13?
-b04
Convert 1101033 (base 5) to base 11.
13216
Convert 23213 (base 5) to base 3.
2022100
Convert -615 (base 16) to base 14.
-7d3
-8502 (base 10) to base 5
-233002
Convert -1edd (base 16) to base 14.
-2c45
Convert -11102 (base 4) to base 11.
-288
What is -23031 (base 6) in base 8?
-6273
What is -2038 (base 13) in base 5?
-120231
125 (base 12) to base 13
104
Convert -848 (base 15) to base 12.
-10b8
What is -438a (base 13) in base 15?
-2bc4
Convert 3b9 (base 15) to base 16.
351
-1130021 (base 6) to base 10
-58333
What is 52262 (base 7) in base 6?
135225
-